 + 29*m - 2*m**2 - 5. Calculate n(7).
2
Let w(x) be the third derivative of -1/12*x**4 + 1/60*x**5 + 10*x**2 + 1/3*x**3 + 0 + 0*x. What is w(2)?
2
Suppose -3*x = -x + 4*r + 18, 0 = -4*x - 3*r - 26. Let u(v) = -v**3 - 3*v**2 + 4*v - 9 - 7 + 0*v + 26 - 9. Give u(x).
31
Let g(d) = -d + 2. Let u be (2/4)/(-7 - (-43)/6). Calculate g(u).
-1
Let m(i) = -2*i - 5. Let j(u) = -3*u - 1. Let t(o) = 2*o + 1. Suppose -3*n = -8 + 23. Let a(r) = n*t(r) - 3*j(r). Let b(w) = 5*a(w) - 3*m(w). Calculate b(-6).
-1
Let v = -2 - -4. Suppose -v*n = -n - 1. Let j(y) = -n + y - 4 + 1 - 1. Determine j(-5).
-10
Let n(k) be the third derivative of k**4/12 - k**3/3 + 6*k**2. Let v be -2*1/2*-13. Let z = -9 + v. Give n(z).
6
Let c(p) be the first derivative of -3*p**2/2 - 14*p + 37. Let y(t) = 5*t + 21. Let d(s) = -8*c(s) - 5*y(s). What is d(6)?
1
Let a be 2 - -2 - (0 + 110). Let f = a - -111. Let y(z) be the third derivative of z**5/60 - z**4/8 + 5*z**3/6 + 2*z**2. What is y(f)?
15
Let l(t) be the first derivative of t**3/3 + 11*t**2/2 - 17*t - 92. Determine l(-13).
9
Let g be (4/(-7))/((-22)/231). Let v(t) = t**3 - 9*t**2 - 5*t + 10. Let f(n) = n**3 - 8*n**2 - 5*n + 9. Let w(i) = 4*f(i) - 3*v(i). Calculate w(g).
12
Let b(v) be the first derivative of -2*v**2 + v - 50. Let o(t) = -1. Let m(n) = -b(n) - 2*o(n). What is m(-6)?
-23
Let x(h) = 19*h**2 - 1 + 7*h - 2*h - 18*h**2. Let d be x(-6). Let i(k) = k**3 - 5*k**2 + k + 4. What is i(d)?
9
Let c(d) = -4*d**2 + 4*d**2 + d**2 - 2*d - 6*d**3 + 1 - 3*d**3. Suppose -7*s = -3*s - 4. Determine c(s).
-9
Let l(h) = -3 + 3 - 1 + 4 + 2*h + 7. What is l(-8)?
-6
Let i(z) = -z**2 - 2*z + 3. Suppose 42 = -4*f + 2*v, 0 = 2*f - f + 4*v + 6. Let h = 15 + f. Suppose 0 = -4*j + 5*u - 6, h*j - 2*j + 18 = -3*u. Determine i(j).
-5
Let z(w) be the first derivative of 23*w**3/3 - 2*w**2 + 3*w + 119. What is z(1)?
22
Let v(r) be the second derivative of -5*r**3/6 + 4*r. Suppose -5*h = -p - 3, 3*h + p - 5 = -0*p. Give v(h).
-5
Let s(n) = -n**2 - 1. Let u(c) = -3*c**3 + c - 1. Let h be u(-2). Suppose -4*r + 34 = -22. Suppose -r = 4*j - 0*q - 2*q, -h = j - 4*q. Determine s(j).
-2
Let a(c) = 12*c - 8*c - 2*c - 15. Determine a(7).
-1
Let z be 28/8 - (0 - (-1)/2). Let c(q) be the second derivative of z*q**2 + 0 - q - 1/6*q**3. Calculate c(6).
0
Let t(g) = 7*g**3 - 1. Let r be (2*(-5)/(-60))/(1/6). Determine t(r).
6
Let b(c) = -10*c + 23. Let r(t) = -30*t + 66. Let f(i) = 17*b(i) - 6*r(i). What is f(5)?
45
Let o(d) be the third derivative of d**4/12 + 670*d**2 - 2*d. Determine o(-5).
-10
Let s(b) = -2*b - 3. Let h(k) = -k - 2. Suppose 10 = -5*z - 25. Suppose 19 = 5*n + p, -4*n - p + 17 = -2*p. Let q(i) = n*s(i) + z*h(i). What is q(0)?
2
Let n(f) = -f**3 - 6*f**2 - 7*f - 1. Suppose -3*t = -5*y + 30, 56 = t + 3*y + 52. Calculate n(t).
9
Let w(t) be the third derivative of t**5/60 - 5*t**4/24 - 3*t**3 + 26*t**2. Let v(l) be the first derivative of w(l). Give v(6).
7
Let q(o) be the first derivative of o**4/4 + 10*o**3/3 + o**2/2 + 8*o + 6. Let k be q(-10). Let z = k - -8. Let m(f) = -f - 2. What is m(z)?
-8
Let i(m) be the third derivative of -m**4/6 - 13*m**3/3 + m**2 - 64. Give i(-6).
-2
Let p = -430 + 438. Let k(n) = -n + 16. Give k(p).
8
Let w(n) = -3*n + 7. Let j = 16 + -19. Let o be (-28 - j) + 12/3. Let c be (-30)/(-9)*o/(-14). Calculate w(c).
-8
Let f(p) = p - 2. Let j be 39/(-18) + (-55)/66 + -4. Calculate f(j).
-9
Let o(c) be the second derivative of -5*c**3/6 - 2*c**2 + 160*c. Calculate o(-5).
21
Suppose -4*g = -83 + 75. Let w(z) = -z + z + 25 - 24 + z + z**g. Give w(2).
7
Let t(c) = c**2 - 2*c - 3. Suppose q = 4*q - 6. Let u be q + (-12)/(5 + -2). What is t(u)?
5
Let l(q) = -53*q - 741. Let z be l(-14). Let v(r) = 60*r**3 - 2*r**2 + 2*r - 1. Give v(z).
59
Let v be 8/(-14) + (-90)/14. Let h(c) = -2*c + 4. Let o(l) = -l + 1. Let f(j) = -h(j) + 4*o(j). What is f(v)?
14
Let i(o) be the second derivative of o**3/2 - 2*o**2 - 94*o - 2. Determine i(-4).
-16
Let y(z) be the second derivative of -z**5/20 - 5*z**4/12 + z**3 - 7*z**2/2 + 10*z - 4. Give y(-6).
-7
Let z(s) = -s**3 + 6*s**2 + 6*s + 1. Suppose -4*v - 4*p - p = -43, 3*v = -3*p + 30. Determine z(v).
-6
Let g(s) = 13*s - 13. Let n(x) = x - 9*x - 3 + 11*x. Let a(w) = 2*g(w) - 9*n(w). Suppose -3*b = o - 2, 2*b + 2*o = -2*o - 12. Determine a(b).
-1
Let n(y) = 9*y**2 + y. Let i be n(-1). Let a = 5 - i. Let j(h) = 2*h - 3 + 1694*h**3 + 1697*h**3 - h**2 - 3392*h**3. Calculate j(a).
9
Suppose -5*b + 4*b + 5 = 0. Let a(r) be the second derivative of r**4/12 - 2*r**3/3 - 5*r**2/2 + 13*r + 1. Calculate a(b).
0
Let q(r) be the second derivative of r**6/120 + r**5/15 + r**2 + 8*r. Let v(a) be the first derivative of q(a). Suppose 2*c + 8 = -2*c. What is v(c)?
8
Let o(i) = 11*i + 2. Let l(v) = 36*v + 8. Let s(a) = 6*l(a) - 21*o(a). Calculate s(4).
-54
Suppose 15 = 3*l + 2*l. Let c(h) = -h. Let i(n) = -n. Let v(f) = 3*c(f) - 2*i(f). Determine v(l).
-3
Suppose 0 = -2*n - n + 15. Let x(j) = -n*j**3 + 4*j**2 - 1 + 3 - j + 4*j**3 + 0. Suppose 4*f + 2 = 10. Determine x(f).
8
Let r(d) = 11*d**3 + 5*d**2 - 3*d - 13. Let g(p) = 9*p**3 + 5*p**2 - 3*p - 11. Let x(z) = 5*g(z) - 4*r(z). Calculate x(-6).
-21
Let v(i) = i**2 + 11*i - 25. Let h(r) = -r**3 + 6*r**2 + 159*r + 3. Let d be h(16). Determine v(d).
1
Let w(k) be the second derivative of k**6/360 + k**5/10 + k**4/2 - 25*k**3/3 + 13*k. Let t(r) be the second derivative of w(r). Calculate t(-11).
1
Suppose -8*l - 15 = -13*l. Let t(f) = -f - 2. Let v(i) = -2*i - 3. Let y(o) = l*v(o) - 7*t(o). Calculate y(-5).
0
Let i(r) = -r + 3. Suppose -4*x - w - 44 = 0, 36 = -5*x - 2*w - 16. Calculate i(x).
15
Let o(y) be the second derivative of y**3/6 - 9*y**2/2 - 2*y. Suppose 9 = 2*n + 2*n - u, -5 = u. Let s(g) = -g**2 - g + 2. Let t be s(n). Give o(t).
-9
Let q(b) = 5*b**3 + b**2. Suppose 0 = 5*m + 171 - 821. Suppose 5*n + 55 = m. Suppose -n = 3*k - 18. What is q(k)?
6
Let u(z) = z**3 + z**2 - 3*z + 3. Let a(n) = -n**3 + 17*n**2 + 61*n - 25. Let g be a(20). Let s be (-2)/6*(-1 + -5). Let r be (3 + g)*s - -1. Calculate u(r).
-6
Let q(u) = -u**3 + u**2 + 3*u + 7. Let a be -2 - (-12 - 35/(-5)). What is q(a)?
-2
Let m(u) = 6*u - 7. Let p(t) = 2*t + 1. Let l(k) = m(k) - 4*p(k). Determine l(-10).
9
Suppose 5*q + 0*q - 5*c = 20, -3*q - c = 8. Let y be (-27)/33 - -4 - (-2)/(-11). Let h(o) = -5*o + 2*o - 14*o**3 + 24*o**y + 2*o. Calculate h(q).
-9
Let n(p) = -411 - 2*p**2 + 404 + 3*p**2 - 6*p. Determine n(6).
-7
Let z = 1657 + -1651. Let j(o) = o**3 - 4*o**2 - 15*o + 12. Determine j(z).
-6
Let b(f) = -f**3 + f**2 + f + 1. Let c(q) = -6*q**3 - q**2 + 14*q + 9. Suppose 2 = 4*m - d, -3*d + 7 = m - 0*d. Let g(w) = m*c(w) - 5*b(w). Give g(-7).
-10
Let f(p) be the second derivative of -1/6*p**4 + 0 + 37*p + 5/6*p**3 - 3/2*p**2. What is f(4)?
-15
Suppose 5*i - 2*d + 103 = 0, 0*i - 5*d - 110 = 5*i. Let x be 162/i + (-2)/7 - -3. Let j(t) = -t**3 - 4*t**2 + 3*t - 2. Determine j(x).
8
Let n(t) be the third derivative of -t**5/60 - 17*t**2. Let l(d) = -d**3 - 12*d**2 - 4*d - 2. Let z(o) = -l(o) + 6*n(o). Determine z(-5).
7
Let w(v) = -31*v + 11. Let k(f) = 17*f - 6. Let j(l) = 11*k(l) + 6*w(l). Calculate j(9).
9
Let w(q) = -q**2 - 21*q + 1. Let k be (-8 - 38/(-19))*(-10)/(-3). Calculate w(k).
21
Let g be 17 + (3 - (1 + -1) - 0). Suppose 3*w + 8 = 2*l, -9*l = -7*l + 3*w - g. Let n(u) = -u + 7. Determine n(l).
0
Suppose 0 = -2*n + 6 + 4. Let x(d) = 5*d + 0*d - d**2 + n - 3. What is x(4)?
6
Let y(x) = x**3 + 3*x**2 - 6*x - 2. Let z(w) = -2*w**2 - 28*w - 51. Let l be z(-12). What is y(l)?
16
Let c(j) = -2*j**2 - j - 7. Let o(p) = 1. Let t(d) = c(d) + 6*o(d). Let q be (-2)/3*12/8. Calculate t(q).
-2
Let v(y) be the second derivative of -5*y**3/6 + 2*y**2 - 8*y + 1. Give v(4).
-16
Let v be 6 + (2 - 4) + -11. Let z = 4 - 0. Let t be (1/z)/(v/(-56)). Let d(b) = -6*b. What is d(t)?
-12
Suppose -g + 15 = -6*g. Let o(v) = -v**3 + 2*v**2 - 2*v + 6. Let n(l) = -2*l**3 + l + 2. Let u(f) = -n(f) + o(f). Give u(g).
4
Let r(v) = 2*v**2 - 2*v + 2. Let d(p) = p + 2. Let h be d(0). Let a be r(h). Let u(m) be the third derivative of -m**4/24 - 7*m**3/6 - 172*m**2. What is u(a)?
-13
Let y(j) be the first derivative of j**5/120 - j**3/3 + 3. Let o(r) be the third derivative of y(r). Let t be (-34)/14 + 75/175. Determin